 -200012221112100 (base 3) in base 9?
-20187470
123224200 (base 5) to base 11
381161
3afee8 (base 16) to base 9
7242557
558357 (base 9) to base 10
334177
Convert -ce9a8 (base 15) to base 9.
-1211125
-2240001344 (base 5) to base 4
-103010300200
11158c (base 13) to base 8
1423104
22002020002021 (base 3) to base 6
232021441
Convert -7847388 (base 9) to base 3.
-21221121102222
What is 10546234 (base 9) in base 12?
1864741
What is 3034411 (base 5) in base 4?
30003030
Convert 112312014 (base 5) to base 3.
221220221111
Convert 415711 (base 8) to base 7.
1113605
What is 10100011010110011011 (base 2) in base 12?
28324b
What is 110100000100111100110 (base 2) in base 6?
100324154
221342004 (base 5) to base 14
1b1aaa
-4234550 (base 8) to base 16
-113968
8eaa (base 15) to base 2
111011001100110
What is 14563 (base 9) in base 4?
2123103
What is -5b462 (base 13) in base 2?
-101000111100110000
What is 30222143 (base 5) in base 12?
b8191
11c70d (base 15) to base 16
d0078
Convert -2421515 (base 7) to base 12.
-12a248
What is -9f576 (base 16) in base 5?
-131341122
What is -39c80 (base 14) in base 2?
-100010110001001000
-2595359 (base 10) to base 16
-279a1f
What is -202321313 (base 4) in base 15?
-2c562
-30332 (base 7) to base 3
-101010002
Convert -125596 (base 11) to base 4.
-300101002
What is -10202120200010 (base 3) in base 13?
-5500a7
What is -31224323 (base 5) in base 15?
-5170d
2123310002 (base 4) to base 5
130410320
Convert 21101221112211 (base 3) to base 12.
139961a
What is 120022111021110 (base 3) in base 6?
450235233
550941 (base 11) to base 5
211121334
-1470a82 (base 12) to base 15
-5681a2
What is -4270234 (base 8) in base 3?
-2011001211010
What is 20433644 (base 8) in base 5?
2102331440
What is 2a4563 (base 11) in base 15?
958e0
Convert -16aa8 (base 16) to base 13.
-33347
What is 2254544 (base 6) in base 16?
1c6c0
-26540 (base 14) to base 8
-270174
Convert -301500 (base 6) to base 8.
-56254
Convert 6dd1b (base 14) to base 13.
95425
-a42bd5 (base 16) to base 14
-1600d6d
Convert -226115 (base 8) to base 15.
-17ba2
What is 111000010110110011 (base 2) in base 10?
230835
-131111 (base 5) to base 9
-7058
What is -11313343 (base 5) in base 3?
-12021222010
What is 30728a (base 11) in base 3?
221001000020
-18d834 (base 15) to base 10
-1210099
What is -34722 (base 9) in base 12?
-11502
What is -772710 (base 11) in base 12?
-4b5904
What is 5255b (base 15) in base 9?
437125
Convert 1645524 (base 7) to base 6.
4533053
What is 12432130 (base 6) in base 13?
114066
What is 4e9ec0 (base 15) in base 13?
a2467a
What is -14212223 (base 8) in base 2?
-1100010001010010010011
Convert -4621a (base 13) to base 12.
-61b4b
What is -4ab03d (base 16) in base 11?
-2843581
Convert -1000010110111111011101 (base 2) to base 4.
-20112333131
-220201012000 (base 3) to base 8
-1665752
What is 1458655 (base 12) in base 6?
223512145
Convert 5dc6d (base 14) to base 6.
4533425
Convert 101100100001001100 (base 2) to base 15.
39068
10103312111 (base 4) to base 11
701991
What is 1011200020 (base 3) in base 15?
6c96
Convert -22202101212012 (base 3) to base 6.
-243422052
Convert 4560aa4 (base 11) to base 14.
10ba59b
Convert 1a61 (base 16) to base 2.
1101001100001
-251418 (base 10) to base 7
-2064666
Convert 377d1 (base 15) to base 3.
100000011121
Convert -2524065 (base 7) to base 15.
-666d9
What is -14214510 (base 7) in base 9?
-2448763
Convert 8e12 (base 15) to base 6.
351355
What is 265b4 (base 13) in base 15?
161d1
What is -183b07 (base 13) in base 2?
-10010100011111101110
What is -900a9 (base 12) in base 4?
-231212001
-12122121022200 (base 3) to base 13
-81225c
-112350 (base 6) to base 7
-40053
6808467 (base 9) to base 13
9b5297
12606566 (base 7) to base 16
11bb32
Convert -3011220 (base 5) to base 14.
-13541
What is -10002002221112 (base 3) in base 12?
-66a7b8
Convert 274c (base 16) to base 7.
41221
Convert 44100422 (base 5) to base 10.
378237
Convert 2c540 (base 14) to base 8.
330314
2c736 (base 13) to base 2
10100101011101010
What is -11111110010010111 (base 2) in base 13?
-47354
What is 1b203a (base 12) in base 7?
4040446
What is -1b1a5 (base 14) in base 9?
-114511
-110010111001111110 (base 2) to base 6
-4245154
6432434 (base 8) to base 15
23dd72
What is 892101 (base 11) in base 12?
587581
What is 13384 (base 12) in base 6?
322244
-10180207 (base 9) to base 4
-102222333103
Convert -15210511 (base 6) to base 9.
-887327
-68a056 (base 16) to base 7
-112165433
What is -5311540 (base 7) in base 12?
-26b417
-10bba8 (base 12) to base 9
-450672
Convert -225110312 (base 6) to base 8.
-17700044
Convert -34ab (base 15) to base 5.
-324221
10444322 (base 6) to base 2
1001101011100011010
What is -478ba (base 13) in base 7?
-1054204
What is 1779341 (base 10) in base 4?
12302122031
Convert -55222 (base 13) to base 7.
-1211302
-2336895 (base 10) to base 13
-63a8a2
-5c58c4 (base 13) to base 10
-2211694
What is -7aeeb0 (base 15) in base 10?
-5872440
What is -14412121 (base 5) in base 10?
-154036
What is 11875886 (base 9) in base 7?
100420533
231030013 (base 4) to base 15
39c9a
Convert 13300111203 (base 4) to base 5.
1010023440
-1222431 (base 5) to base 9
-35201
1011110001101100 (base 2) to base 3
2110011112
-95167 (base 12) to base 5
-22223422
What is -613c (base 14) in base 12?
-980a
What is -4024604 (base 10) in base 15?
-54771e
-10011001110101011 (base 2) to base 12
-396b7
What is 2319fa (base 16) in base 12?
92b30a
Convert -18117546 (base 9) to base 7.
-140253051
Convert -11222100 (base 4) to base 14.
-8640
1000100112102 (base 3) to base 16
83717
What is -7c67 (base 15) in base 10?
-26422
Convert -101609 (base 11) to base 13.
-59326
Convert -1c81c (base 13) to base 11.
-39334
20112220232 (base 4) to base 13
5b89a7
21523622 (base 7) to base 5
433324121
100110001011001110 (base 2) to base 13
56232
Convert 1100012000200 (base 3) to base 11.
447141
Convert -12022020222 (base 3) to base 8.
-313763
ba22 (base 12) to base 2
100111111111010
What is 394d8 (base 14) in base 7?
1124561
-498486 (base 15) to base 9
-6556100
-197a310 (base 12) to base 16
-52383c
Convert -11370 (base 9) to base 4.
-1312230
Convert 102300333023 (base 4) to base 9.
10226835
What is 356448 (base 10) in base 12?
152340
-238239 (base 10) to base 9
-402720
Convert -31020311333 (base 4) to base 16.
-348d7f
-1211122120 (base 3) to base 6
-435323
What is -110100100101110000 (base 2) in base 12?
-a47a8
Convert e90c7 (base 16) to base 5.
221021232
-420b (base 14) to base 4
-2301303
-4706704 (base 9) to base 7
-30424030
Convert 19b66 (base 15) to base 10.
83571
What is 4b9991 (base 12) in base 6?
42330301
Convert 10202012011020 (base 3) to base 13.
54975c
What is 110101001100000111100 (base 2) in base 12?
700764
Convert -21d561 (base 16) to base 8.
-10352541
143223 (base 10) to base 3
21021110120
Convert -220343 (base 8) to base 6.
-1330215
Convert 2180748 (base 9) to base 12.
487bb2
What is 2556cb7 (base 13) in base 10?
11668248
What is -845040 (base 9) in base 14?
-d10bb
What is -333774 (base 9) in base 2?
-110000101111100011
What is -32128 (base 11) in base 3?
-2101002222
-51499 (base 11) to base 15
-173d8
What is -112302223 (base 4) in base 11?
-64159
What is 31368 (base 13) in base 15?
1b333
Convert -1322300120 (base 5) to base 9.
-6222721
385248 (base 10) to base 14
a057a
-1114107 (base 10) to base 12
-4588a3
Convert 29654d (base 14) to base 10.
1438905
-3441120 (base 5) to base 16
-f253
Convert 51803 (base 11) to base 12.
37843
What is 166535 (base 11) in base 13?
902a9
Convert -14531668 (base 9) to base 10.
-7224938
31bab (base 12) to base 5
4100101
What is -2050522 (base 6) in base 8?
-303222
110221021200 (base 3) to base 10
254628
Convert -47ad3 (base 15) to base 7.
-1641252
What is 20011111020 (base 3) in base 15?
25e66
454103 (base 6) to base 15
b60c
What is -224649 (base 11) in base 4?
-1113101233
What is 5498b (base 12) in base 14?
2cb59
What is -3629451 (base 13) in base 6?
-1355440050
What is -5404452 (base 6) in base 2?
-1000000110011010000
-13341121 (base 5) to base 15
-2a90b
What is 3033422130 (base 5) in base 13?
137651a
What is -1224430 (base 7) in base 13?
-569b3
Convert 3713290 (base 10) to base 15.
4d537a
What is 563b40 (base 14) in base 7?
33622310
What is -42505331 (base 8) in base 11?
-5141633
Convert 1222010002121 (